se 1 = -f, 4*v = p*f + f + 400. What is the tens digit of v?
9
What is the hundreds digit of (-1038 - 0/3)/((-252)/3192)?
1
Suppose 0 = 57*h - 55*h - 98. Suppose 4*r + 12 = 0, 26 + h = 3*m - r. What is the units digit of m?
4
Suppose -241166 - 283778 = -112*i. What is the tens digit of i?
8
Suppose 219*i - 182*i + 148 = 0. Let h be 1/(2/4) - 6. What is the units digit of ((-22)/i + -3)/(h/(-344))?
5
Let u(q) = 5*q**2 - 32*q + 197. What is the units digit of u(47)?
8
Let h be 268*(2 + 3/(-2)). Let b = -11643 - -11647. Suppose 2 = -b*z + h. What is the tens digit of z?
3
Let i(v) = 9*v**2 - 107*v + 1711. What is the ten thousands digit of i(-69)?
5
Let j be (-17 + 14)/((-3)/4). Suppose -97 = j*w + 63. What is the tens digit of 19/2*w/(-4)?
9
Let l = -171 - -1539. Let a = l - 729. What is the units digit of a?
9
Suppose -2*j + 4 + 8 = 0. Suppose 0 = -j*a + 2*a + 144. Let r = 112 - a. What is the tens digit of r?
7
What is the thousands digit of ((-3 - -3) + 4/(-1))/(40/(-169530))?
6
Let z be (-79804)/(-44) + 15/55. Let u = -1019 + z. What is the tens digit of u?
9
Suppose 193*y - 5*w + 38 = 195*y, -3*w + 26 = 2*y. Let p(z) = -1 + 7 - 1 - z + 10*z**2. What is the units digit of p(y)?
1
Let p(x) = -23*x - 32. Let k be p(-6). Suppose -3*f + 5*f = 84. Let z = k - f. What is the units digit of z?
4
Let g = -28713 + 31384. What is the tens digit of g?
7
Suppose -30*p + 35*p - 105 = 0. Suppose p*f = 8*f + 3068. What is the units digit of f?
6
Suppose 1603 = 4*l + h - 4392, 0 = -3*l - h + 4495. What is the tens digit of l?
0
Let k(m) = -m**3 - 2*m**2 - m + 17. Let r be k(0). Let s(g) = 0*g**3 + 3*g + 19 - 10*g**2 + g**3 + r*g. What is the tens digit of s(9)?
1
Suppose -17 = 3*k - 29. Suppose 0 = -k*w + 2*w - 10. Let a(v) = -v**3 - v**2 + 6*v + 3. What is the tens digit of a(w)?
7
Suppose -3*p + 5*p = 1740. Suppose 5*w + p = 5*c, -5*c - 2*w = -c - 696. Suppose 4*b = -4*f + 62 + 174, -3*b - 4*f = -c. What is the tens digit of b?
6
Let v(i) = 9*i**3 - 9*i**2 + 14*i - 50. Let g(a) = a**3 - 10*a**2 - a - 104. Let w be g(11). What is the units digit of v(w)?
4
Let q = -3393 - -6404. What is the tens digit of q?
1
Let f(u) = -u**2 - 32*u + 12. Let p be f(-22). Let v = p + -330. Let l = 208 + v. What is the hundreds digit of l?
1
Suppose h + 88656 = 2*g, 177306 = 33*g - 29*g + h. What is the ten thousands digit of g?
4
Suppose -15*m + 2*d = -19*m + 36572, -2*d = -m + 9158. What is the tens digit of m?
4
Let x = -459 - -644. Suppose -2*u = -3*f - 0*f - x, 4*f + 12 = 0. What is the tens digit of u?
8
What is the hundreds digit of ((-12268724)/2366)/((-2)/7)?
1
Let o be (196/70)/(2*1/(-60)). Let g = 95 - o. What is the hundreds digit of g?
1
Suppose 5*k + 950 = 5*p, 3*k - 3*p = -k - 764. Let l = -192 - k. What is the units digit of l?
2
Suppose -i + 3 = -5*f - 1, 5*f + 16 = 4*i. Let s be (-1434)/i*(64/12)/8. Let x = 353 + s. What is the units digit of x?
4
Let g(q) = -3*q + 40. Let p be g(8). Let f = 11 + p. Suppose 0 = -4*w - f + 131. What is the tens digit of w?
2
Let h = -8135 + 9794. What is the tens digit of h?
5
Suppose 11*v - 6*v = q + 5, 5*q - 31 = -3*v. Let f = q - -4. What is the tens digit of (10 - f)/(2/394)?
9
Let b = 713 - -24. Suppose 5*w - b = 843. What is the tens digit of w?
1
Let f be (5 + -15)/5*298. What is the tens digit of 5 - -5 - 6 - f?
0
Suppose 58*l - 59007 = 41*l. Suppose -5*k = -l + 511. What is the tens digit of k?
9
Suppose -q + 8225 + 2923 = 0. Suppose -q = 107*y - 119*y. What is the units digit of y?
9
Let o = -374 + 5394. What is the units digit of o?
0
Let q(i) = i - 10. Let o be q(14). Let y(c) = -c**2 + 4*c + 3. Let m be y(o). Suppose l + 1 = m. What is the units digit of l?
2
Suppose 4*r = -2*c + 26, 113*c = 110*c - 3. Let s(o) be the first derivative of -o**3/3 + 6*o**2 + 14*o + 1. What is the tens digit of s(r)?
4
Let q be (-14)/(-4)*(2 + 0)*-4. Let r = q - -44. What is the tens digit of -2 - 4/(r/(-188))?
4
Let r be -13 + 13 - (1*-6)/2. Let n(s) = -12*s - 77*s**3 + 38*s**3 + 38*s**r + 7*s**2 + 10. What is the tens digit of n(4)?
1
Let x be (-20)/(-50) - 5451/15. What is the tens digit of (x/429 - (-2)/(-13))*-113?
1
Let a = 3421 + -919. Suppose -8*z = -3*t - 6*z + a, t + 5*z = 851. What is the tens digit of t?
3
Suppose 20*n - 320163 = -53303 - 24280. What is the units digit of n?
9
Let p(j) = 29*j**2 - 36*j + 139. What is the tens digit of p(7)?
0
What is the ten thousands digit of ((-8)/6 + (-110)/(-150))/(7/(-173985))?
1
Let a(q) = 3*q**2 - 28*q + 1. Let v = -45 + 64. Let p be a(v). Suppose 5*x = p + 203. What is the units digit of x?
1
Let v be (42/24)/(3/24). What is the hundreds digit of (10 - 73/7) + 2652/v?
1
Let s(y) = 8 - 27*y**2 + 22 - 13*y - 5 + 0. Let u(q) = 14*q**2 + 7*q - 13. Let m(x) = -4*s(x) - 7*u(x). What is the units digit of m(-5)?
6
Let q = 1933 - 977. What is the hundreds digit of q?
9
Suppose -115962 - 419133 = -253*z. What is the tens digit of z?
1
Let f(l) = 4*l**2 - 9*l - 11. Suppose -12*k = -15*k + 6. Suppose -5 = -3*r + v + 5, 0 = 5*r - k*v - 15. What is the units digit of f(r)?
4
Let k = 94745 - 49261. What is the tens digit of k?
8
Suppose -7 = 2*m - 9. Let g be m*(2 - -1) + 294/1. Let p = g - 144. What is the hundreds digit of p?
1
What is the hundreds digit of -12064*(-6)/2 - (-101)/((-606)/(-48))?
2
Let s = -4298 + 11867. Suppose 6*t = s - 2943. What is the tens digit of t?
7
Let v = 7089 + 5386. What is the ten thousands digit of v?
1
Suppose 3559*f + 2512 = 3560*f. What is the units digit of f?
2
Suppose -32*n = 2340 - 740. What is the hundreds digit of (-6*(-235)/n)/((-3)/75)?
7
Let d be 63/13 + (60/65)/6. Suppose -1335 = -b + 2*k, 5*k + 1324 = -d*b + 7924. What is the thousands digit of b?
1
Suppose 22905 = 4*o + 297*y - 300*y, -5*o - 3*y = -28638. What is the thousands digit of o?
5
Let z(m) = -2*m**3 + 23*m**2 - 6 - m**3 - 3*m - 3*m - 3*m. What is the units digit of z(7)?
9
Suppose -4*t + p = 3619 - 59985, 4*t = -2*p + 56348. What is the thousands digit of t?
4
Let o(j) = -j**3 + 35*j**2 - 35*j - 244. What is the tens digit of o(23)?
9
Suppose -5*r - 1325 = -5*q, -5*q + 6*r = 2*r - 1326. Let i = q - -506. What is the hundreds digit of i?
7
What is the thousands digit of (100023/11)/1 - -4?
9
Suppose 20*z - 882002 = -239482. What is the thousands digit of z?
2
Let q be -4*136/((-16)/4). Suppose u - 73 = q. What is the hundreds digit of u?
2
Let d(b) = 20*b**2 + 5*b - 2. Let i be d(2). Let s = 558 - 134. Suppose -4*r = -c + i, 4*c - 4*r - s = -c. What is the units digit of c?
4
Let q = 16847 - -2129. What is the units digit of q?
6
Suppose 4312 = 2*t - 5*j, -5*t + 24*j - 26*j + 10780 = 0. What is the thousands digit of t?
2
Let g(r) = 60*r**2 + 294*r + 17. What is the hundreds digit of g(27)?
6
Let v(q) = 7*q**2 - 8*q + 9. Let u be v(6). Let j = u + -68. What is the tens digit of j?
4
Let n(i) = i**3 + 5*i**2 + 7*i + 8. Let d be n(-4). Let t be 438/d*(10 + -6 + -8). What is the tens digit of 1/((4 + -2)/t)?
1
Let q be 2/3*(-24)/(-4). Suppose 774 = q*u - 330. What is the hundreds digit of (-1 - -5)/(-2*(-3)/u)?
1
Suppose -2*m = 4*x, -2*m - 2*x + 3*x + 5 = 0. Suppose 2*b + 68 = -5*h - 0*h, 64 = -m*b - 4*h. What is the units digit of (b/(-16))/(3/256)?
8
Suppose 32*i - 45179 = 163301. What is the units digit of (i/(-10))/((-1)/(-4)*-2)?
3
Suppose 59*r + 732 = 65*r. Suppose -126*j + r*j + 252 = 0. What is the units digit of j?
3
Suppose 5*t - 409 + 24 = 5*k, 4*t - 2*k - 306 = 0. Let n be (1/(1/(-2)))/((-4)/t). Suppose 0 = -3*c + n - 8. What is the units digit of c?
0
Let d be 3 - ((-1 - 0) + -1). Let v be 2/(-5) - ((-38)/(-5) - d). Let k(y) = 12*y**2 + 7*y + 1. What is the units digit of k(v)?
8
Let t be (972/10)/(19/(1330/3)). What is the units digit of 4/(-5) + t/10?
6
Suppose -3*f - 4828 = d - 20033, 4*f = d - 15233. What is the thousands digit of d?
5
Let f = -108 - -13. Let r = -56 - f. Suppose r + 0 = b. What is the tens digit of b?
3
Suppose 0 = -3*f - 4*w + 18360, -16*f + 19*f - 18354 = -2*w. What is the units digit of f?
6
Suppose 0 = -3*k + t + 6 + 14, 0 = 4*k + t - 22. Suppose -k*v = 2*i - 3*v - 488, 3*v = 12. What is the hundreds digit of i?
2
Let d be 2724/(-15) + 58/(-145). Let s = -91 - d. What is the tens digit of s?
9
Suppose -5*c - 406 + 2386 = 3*q, -10 = -2*q. Suppose